 = 2*i**2 - 16*i + 22. Give c(8).
22
Let t(q) = 2*q**3 - 22*q**2 - 49*q + 407. Calculate t(12).
107
Let o(r) = 23*r + 796. Calculate o(-29).
129
Let h(r) = 2*r**3 - 18*r**2 + 2*r - 18. Calculate h(9).
0
Let a(o) = -2*o**3 + 38*o**2 - 80*o + 789. Give a(18).
-3
Let j(d) = -4*d**3 - 261*d**2 - 87*d - 1454. Calculate j(-65).
-24
Let f(u) = -u**2 + 2779*u + 2779. Determine f(-1).
-1
Let j(y) = -24*y + 195. Determine j(11).
-69
Let y(q) = -25*q - 172. What is y(-3)?
-97
Let n(h) = -3*h**2 + 6*h + 363. Calculate n(-10).
3
Let v(m) = 18*m + 363. Calculate v(-41).
-375
Let h(d) = 847*d - 5084. What is h(6)?
-2
Let y(p) = 68*p + 2791. Calculate y(-41).
3
Let a(d) = 11*d**2 - 2*d + 11. Determine a(2).
51
Let u(z) = -z**2 + 22*z + 369. What is u(33)?
6
Let c(z) = 8*z**2 - 13*z + 206. Calculate c(0).
206
Let p(l) = 61*l + 2739. What is p(-45)?
-6
Let i(n) = -7*n**3 - 5*n**2 + 25*n - 39. What is i(4)?
-467
Let n(d) = d - 54. Determine n(8).
-46
Let f(h) = h**3 - 19*h**2 + 81*h + 23. Give f(12).
-13
Let m(t) = t**3 - 8*t**2 - 9*t + 25. Determine m(12).
493
Let u(w) = -95*w**3 - 16*w**2 - 14*w. What is u(-1)?
93
Let g(b) = 3*b**2 + 83*b - 47. Give g(-28).
-19
Let h(n) = 297*n + 18419. Calculate h(-62).
5
Let h(p) = -p**3 + 22*p**2 + 49*p - 1073. Determine h(22).
5
Let b(j) = 10*j**2 + 4*j - 28. What is b(-7)?
434
Let a(y) = -6*y**3 + 34*y**2 - 21*y - 2. Give a(5).
-7
Let f(m) = -280*m - 272. Give f(-1).
8
Let l(u) = -u**3 + 29*u**2 - u - 53. Determine l(29).
-82
Let y(n) = n**2 - 16*n - 280. What is y(26)?
-20
Let i(d) = 5*d**2 - 14*d + 145. Determine i(6).
241
Let p(b) = b**3 + 11*b**2 - 77*b - 16. Determine p(5).
-1
Let z(s) = -119*s + 2708. Calculate z(23).
-29
Let p(n) = -2*n**2 - 372*n - 360. Determine p(-185).
10
Let w(k) = -157*k + 1725. Calculate w(11).
-2
Let h(t) = t**2 - 7. Determine h(7).
42
Let h(u) = -8*u**2 - 473*u - 197. Give h(-58).
325
Let w(n) = -11*n**3 - 8*n**2 - 4*n + 4. Give w(-2).
68
Let i(o) = -26*o - 1755. Determine i(-66).
-39
Let z(s) = 2*s**3 - 25*s**2 - 16*s - 1. Give z(13).
-40
Let l(f) = -57*f + 272. Give l(6).
-70
Let x(p) = -32*p - 4792. What is x(-151)?
40
Let a(v) = v**2 - 2*v - 635. Determine a(-24).
-11
Let t(y) = -54*y**3 + 2*y**2 - 3*y + 2. Give t(1).
-53
Let f(d) = -44*d - 165. Give f(-4).
11
Let a(x) = -x**3 - 43*x**2 + 34*x - 374. Give a(-44).
66
Let n(w) = -225*w + 5622. Determine n(25).
-3
Let b(n) = -19*n**2 + 16*n + 38. Calculate b(-2).
-70
Let i(c) = -36*c + 52. What is i(-3)?
160
Let t(l) = l**3 - 114*l**2 + 115*l - 237. Give t(113).
-11
Let l(i) = 52*i - 271. Determine l(-7).
-635
Let z(l) = 4*l**2 + 406*l - 1647. Give z(4).
41
Let g(b) = 10*b - 627. What is g(52)?
-107
Let j(u) = 4*u**3 - 21*u**2 - 178*u + 32. Give j(10).
152
Let m(w) = -w**2 - 9*w + 91. Give m(-16).
-21
Let s(q) = q**2 - 42*q + 473. Determine s(13).
96
Let a(u) = 875*u - 38506. Calculate a(44).
-6
Let h(l) = l**3 - 3*l**2 + 17*l - 82. Determine h(9).
557
Let l(n) = -n**3 - 16*n**2 - 14*n + 12. What is l(-15)?
-3
Let t(m) = 43*m**3 + 8*m**2 + 7*m - 2. Calculate t(-1).
-44
Let b(v) = -12*v + 84. What is b(11)?
-48
Let y(j) = 2*j**3 - 25*j**2 + 71*j - 16. Determine y(5).
-36
Let v(f) = -f**3 + 16*f**2 - 53*f + 6. Determine v(4).
-14
Let y(k) = 2*k**2 - 45*k - 640. Give y(-12).
188
Let c(z) = -z**3 - 8*z**2 + 23*z + 59. Calculate c(-10).
29
Let h(z) = -4*z**3 - 24*z**2 + 15*z + 28. What is h(-6)?
-62
Let l(p) = 2*p**3 - 89*p**2 + 117*p + 576. Calculate l(43).
60
Let c(j) = 11*j + 868. Determine c(-55).
263
Let t(g) = 6*g**2 + 120*g + 111. Calculate t(-19).
-3
Let o(b) = 33*b**2 + 25*b - 50. Calculate o(2).
132
Let y(u) = u**3 - u**2 - 3*u + 189. Give y(0).
189
Let b(m) = 2*m**2 - 38*m + 29. Calculate b(20).
69
Let c(g) = -2*g**3 + 5*g**2 + 121*g - 249. Give c(8).
15
Let h(g) = g**2 + 34*g - 35. Give h(1).
0
Let p(v) = 1081*v - 128619. Calculate p(119).
20
Let f(t) = -2*t**2 - 41*t - 301. What is f(-8)?
-101
Let q(f) = -3*f**3 - 6*f**2 + 7*f + 6. What is q(-3)?
12
Let j(r) = 317*r - 12672. Give j(40).
8
Let i(v) = v**2 + 21*v - 1693. What is i(-54)?
89
Let z(r) = -466*r + 9. Give z(0).
9
Let q(u) = 3*u**2 + 219*u + 3529. Give q(-24).
1
Let w(x) = -10*x - 18. Give w(7).
-88
Let p(b) = 28*b**3 + 2*b**2 + 2*b - 1. Determine p(1).
31
Let k(s) = 246*s - 1439. Determine k(6).
37
Let a(w) = -2*w**3 - 17*w**2 + 16*w + 7. Give a(-7).
-252
Let q(s) = -5*s - 103. Give q(0).
-103
Let o(x) = -13*x**2 + 24*x - 9. Calculate o(3).
-54
Let h(u) = -2*u**3 + u**2 - 80*u - 280. What is h(-3)?
23
Let v(z) = -2*z**2 + 38*z - 118. What is v(4)?
2
Let u(o) = 3*o**2 + 14*o - 95. What is u(0)?
-95
Let l(k) = -k**2 - k - 8. Give l(-7).
-50
Let l(d) = d**3 - 7*d**2 - 34*d + 4. Determine l(-5).
-126
Let i(h) = -54*h**2 - 9*h + 3. Calculate i(2).
-231
Let g(d) = -420*d**2 + 7979*d + 26. Determine g(19).
7
Let t(z) = -z**3 - z**2 - 31*z. Give t(6).
-438
Let d(z) = 110*z + 2465. Calculate d(-23).
-65
Let h(t) = -26*t**2 - 727*t - 1325. Give h(-26).
1
Let o(f) = 5*f**2 - 131*f + 90. Determine o(30).
660
Let m(b) = 11*b + 487. Give m(-43).
14
Let f(i) = -11*i**2 - 7*i + 20. Give f(1).
2
Let y(c) = -2*c**2 + 42*c + 1645. Determine y(41).
5
Let d(o) = 2*o**3 - 111*o**2 + 51*o - 109. Give d(55).
-329
Let b(v) = 92*v + 236. Determine b(-3).
-40
Let y(u) = 102*u + 808. Calculate y(-8).
-8
Let i(z) = -65*z - 5253. Give i(-82).
77
Let v(r) = -r**3 - 9*r**2 + 5*r - 15. Calculate v(-7).
-148
Let b(y) = -11*y**2 + 178*y - 197. Calculate b(15).
-2
Let i(f) = f**2 + 584*f + 2. Give i(0).
2
Let a(u) = -109*u + 964. Determine a(10).
-126
Let d(o) = -o**2 + 596*o + 1799. Determine d(-3).
2
Let g(d) = -393*d - 14585. Determine g(-37).
-44
Let p(r) = -r**3 - 120*r**2 - 103*r + 1905. Determine p(-119).
1
Let v(r) = 24*r**2 + 316*r + 343. Give v(-12).
7
Let d(k) = -861*k - 12059. Calculate d(-14).
-5
Let f(a) = -17*a**2 + 25*a - 19. Give f(1).
-11
Let u(b) = 36*b**2 + 152*b - 363. Calculate u(-6).
21
Let i(y) = 202*y - 14744. What is i(73)?
2
Let h(d) = d + 9. Give h(4).
13
Let x(f) = -f**3 + 7*f**2 + 31*f - 21. Determine x(0).
-21
Let a(b) = b**3 + 14*b**2 - 126*b + 27. Calculate a(6).
-9
Let t(q) = 27*q - 303. Give t(8).
-87
Let m(h) = -h**2 - 52*h + 1199. Determine m(18).
-61
Let j(v) = v**2 - 9*v + 19. Determine j(3).
1
Let i(v) = 195*v - 588. Give i(3).
-3
Let i(q) = 3*q**3 - 8*q**2 + 11*q + 137. What is i(-3)?
-49
Let u(g) = 232*g - 1698. Calculate u(7).
-74
Let s(n) = -2*n**3 + 312*n**2 + 6*n - 943. What is s(156)?
-7
Let l(y) = 3217*y - 19300. What is l(6)?
2
Let u(s) = s**3 - 55*s**2 - 64*s + 418. Give u(56).
-30
Let d(o) = -354*o + 38201. Calculate d(108).
-31
Let v(x) = x**3 - 6*x**2 - x - 85. Determine v(0).
-85
Let x(r) = -2*r**2 - 8*r + 5. Give x(-14).
-275
Let g(c) = -c**3 + 11*c**2 - 22*c + 255. Calculate g(9).
219
Let h(u) = -u**3 + 11*u**2 + 13*u + 410. Give h(15).
-295
Let k(y) = 3*y**3 + y**2 - 8*y + 1. Determine k(2).
13
Let t(o) = 7*o**3 + 35*o**2 - 54*o - 281. Give t(-5).
-11
Let w(r) = -5*r**2 + 126*r + 1131. Give w(-7).
4
Let m(y) = -92*y + 485. Give m(5).
25
Let t(w) = w**2 + 3*w - 4. Calculate t(-4).
0
Let c(h) = -h**3 + 76*h**2 - 158*h + 735. What is c(74)?
-5
Let n(k) = 23*k + 579. Give n(-29).
-88
Let a(u) = u**3 - 88*u**2 - 93*u + 201. Calculate a(89).
-155
Let s(r) = -7*r**2 - 68*r - 1. Calculate s(-10).
-21
Let h(b) = -b**2 - 26*b + 5452. Determine h(-88).
-4
Let h(s) = s**3 - 21*s**2 - 80*s + 1302. What is h(22)?
26
Let z(v) = -v**3 + 124*v**2 + 191*v - 8259. Determine z(125).
-9
Let q(r) = r**3 + 11*r**2 - 23*r + 28. What is q(-13)?
-11
Let w(v) = -2*v**2 - 35*v - 71. What is w(-2)?
-9
Let m(p) = 2*p**3 - 23*p**2 - 23*p + 87. Determine m(12).
-45
Let z(p) = -3*p**2 + 180*p - 2277. Determine z(42).
-9
Let g(n) = -2*n**2 + 56*n + 735. What is g(-9)?
69
Let t(h) = h**2 + 65*h + 439. Give t(-54).
-155
Let k(c) = 34*c + 1587. What is k(-47)?
-11
Let f(s) = 2*s**3 - 15*s**2 + 14*s + 10. Determine f(8).
186
Let a(l) = 5*l**2 - 59*l - 117. What is a(-2)?
21
Let v(l) = -42*l**2 - 2431*l + 244. Calculate v(-58).
-46
Let p(m) = 2*m**2 - 72*m - 1152. Give p(-12).
0
Let m(s) = s**2 + 28*s - 75. Calculate m(-26).
-127
Let o(h) = -2*h**2 + 209*h - 410. Determine o(2).
0
Let x(a) = 5861*a - 52703. Give x(9).
46
Let p(c) = c**3 - 6*c**2 + c + 22. What is p(5)?
2
Let q(x) = -